{"id":113,"date":"2021-03-21T15:50:21","date_gmt":"2021-03-21T14:50:21","guid":{"rendered":"http:\/\/www.prosportconcept.fr\/?page_id=113"},"modified":"2026-01-07T17:39:20","modified_gmt":"2026-01-07T16:39:20","slug":"partie-privee","status":"publish","type":"page","link":"https:\/\/www.prosportconcept.fr\/index.php\/partie-privee\/","title":{"rendered":"Partie PRIVEE"},"content":{"rendered":"\n<p>Cette partie est r\u00e9serv\u00e9e aux stagiaires et intervenant de la formation ProSportConcept (prot\u00e9g\u00e9 par mot de passe)<\/p>\n\n\n\n<h5 class=\"wp-block-heading\">Stagiaires des formations PROSPORTCONCEPT<\/h5>\n\n\n\n<p><a href=\"https:\/\/www.prosportconcept.fr\/index.php\/cours-bp-2024\/\" data-type=\"page\" data-id=\"2912\">Ressource formation 2026<\/a><\/p>\n\n\n\n<p><a href=\"https:\/\/www.prosportconcept.fr\/index.php\/foad20232024\/\" data-type=\"page\" data-id=\"2483\">Ressources a distance 2025\/2026<\/a><\/p>\n\n\n\n<h5 class=\"wp-block-heading\">TUTEURS<\/h5>\n\n\n\n<p><a href=\"http:\/\/www.prosportconcept.fr\/index.php\/espace-prive-tuteur\/\" data-type=\"page\" data-id=\"1808\">infotuteur<\/a><\/p>\n\n\n\n<h5 class=\"wp-block-heading\">INTERVENANTS<\/h5>\n\n\n\n<p><a href=\"http:\/\/www.prosportconcept.fr\/index.php\/espace-intervenants\/\" data-type=\"page\" data-id=\"254\">Suivi p\u00e9dagogique<\/a><\/p>\n\n\n\n<p>ENTREPRISE <\/p>\n\n\n\n<p><a href=\"http:\/\/www.prosportconcept.fr\/index.php\/ob4c\/\" data-type=\"page\" data-id=\"890\">OB4C<\/a><\/p>\n","protected":false},"excerpt":{"rendered":"<p>Cette partie est r\u00e9serv\u00e9e aux stagiaires et intervenant de la formation ProSportConcept (prot\u00e9g\u00e9 par mot de passe) Stagiaires des formations PROSPORTCONCEPT Ressource formation 2026 Ressources a distance 2025\/2026 TUTEURS infotuteur INTERVENANTS Suivi p\u00e9dagogique ENTREPRISE OB4C<\/p>\n","protected":false},"author":1,"featured_media":0,"parent":0,"menu_order":0,"comment_status":"closed","ping_status":"closed","template":"","meta":{"_bbp_topic_count":0,"_bbp_reply_count":0,"_bbp_total_topic_count":0,"_bbp_total_reply_count":0,"_bbp_voice_count":0,"_bbp_anonymous_reply_count":0,"_bbp_topic_count_hidden":0,"_bbp_reply_count_hidden":0,"_bbp_forum_subforum_count":0,"footnotes":""},"class_list":["post-113","page","type-page","status-publish","hentry"],"_links":{"self":[{"href":"https:\/\/www.prosportconcept.fr\/index.php\/wp-json\/wp\/v2\/pages\/113","targetHints":{"allow":["GET"]}}],"collection":[{"href":"https:\/\/www.prosportconcept.fr\/index.php\/wp-json\/wp\/v2\/pages"}],"about":[{"href":"https:\/\/www.prosportconcept.fr\/index.php\/wp-json\/wp\/v2\/types\/page"}],"author":[{"embeddable":true,"href":"https:\/\/www.prosportconcept.fr\/index.php\/wp-json\/wp\/v2\/users\/1"}],"replies":[{"embeddable":true,"href":"https:\/\/www.prosportconcept.fr\/index.php\/wp-json\/wp\/v2\/comments?post=113"}],"version-history":[{"count":24,"href":"https:\/\/www.prosportconcept.fr\/index.php\/wp-json\/wp\/v2\/pages\/113\/revisions"}],"predecessor-version":[{"id":5686,"href":"https:\/\/www.prosportconcept.fr\/index.php\/wp-json\/wp\/v2\/pages\/113\/revisions\/5686"}],"wp:attachment":[{"href":"https:\/\/www.prosportconcept.fr\/index.php\/wp-json\/wp\/v2\/media?parent=113"}],"curies":[{"name":"wp","href":"https:\/\/api.w.org\/{rel}","templated":true}]}}